{"id":2487,"date":"2017-06-14T07:37:02","date_gmt":"2017-06-14T07:37:02","guid":{"rendered":"http:\/\/ld-wp.template-help.com\/wordpress_65550-sample\/?page_id=2487"},"modified":"2018-06-13T17:43:06","modified_gmt":"2018-06-13T15:43:06","slug":"portrait","status":"publish","type":"page","link":"https:\/\/jeanmarcmouchet.fr\/index.php\/portrait\/","title":{"rendered":"Portrait"},"content":{"rendered":"\t\t<div data-elementor-type=\"wp-post\" data-elementor-id=\"2487\" class=\"elementor elementor-2487 elementor-bc-flex-widget\">\n\t\t\t\t\t\t\t\t\t<section class=\"elementor-section elementor-top-section elementor-element elementor-element-58bc1b9 elementor-reverse-mobile elementor-section-boxed elementor-section-height-default elementor-section-height-default\" data-id=\"58bc1b9\" data-element_type=\"section\" data-settings=\"{&quot;background_background&quot;:&quot;classic&quot;}\">\n\t\t\t\t\t\t<div class=\"elementor-container elementor-column-gap-default\">\n\t\t\t\t\t<div class=\"elementor-column elementor-col-50 elementor-top-column elementor-element elementor-element-5shpd3u\" data-id=\"5shpd3u\" data-element_type=\"column\">\n\t\t\t<div class=\"elementor-widget-wrap elementor-element-populated\">\n\t\t\t\t\t\t\t\t<div class=\"elementor-element elementor-element-thvm4qq elementor-widget elementor-widget-text-editor\" data-id=\"thvm4qq\" data-element_type=\"widget\" data-widget_type=\"text-editor.default\">\n\t\t\t\t<div class=\"elementor-widget-container\">\n\t\t\t\t\t\t\t<p>Les Beaux-Arts puis les Arts appliqu\u00e9s : la double formation de Jean-Marc Mouchet donne la clef de son talent double. C&#8217;est par le dessin appris aux Beaux-Arts qu&#8217;il organise l&#8217;espace et les volumes, dans les villas, les appartements, les chalets ou les h\u00f4tels dont on lui confie l&#8217;agencement int\u00e9rieur. Et donner corps \u00e0 ces repr\u00e9sentations graphiques mobilise toute la ma\u00eetrise des mati\u00e8res, des d\u00e9tails d&#8217;ex\u00e9cution, que les Arts appliqu\u00e9s lui ont enseign\u00e9e.<\/p><p>Interviennent alors les maisons d&#8217;artisanat d&#8217;art qui se sont faites ses partenaires. \u00c0 l&#8217;atelier Philippe Hurel de r\u00e9aliser les meubles qu&#8217;il a dessin\u00e9s (et d&#8217;en \u00e9diter certains dans sa collection 2017). \u00c0 Alain Ellouz d&#8217;\u00e9riger les cloisons d&#8217;alb\u00e2tre permettant de drainer la lumi\u00e8re dans une pi\u00e8ce aveugle. Et s&#8217;il s&#8217;agit de faire venir la lumi\u00e8re d&#8217;une suspension en acier, Kevin Reilly Lighting envoie ses mod\u00e8les depuis Chicago. Chaque commande est occasion d&#8217;assembler des talents compl\u00e9mentaires.<\/p><p>Depuis qu&#8217;il a fond\u00e9 son agence en 1993, Jean-Marc Mouchet poursuit une d\u00e9marche d&#8217;architecture int\u00e9rieure qui d\u00e9passe de loin la seule d\u00e9coration. Travaillant chaque lieu en perspectives num\u00e9riques 3D, afin d&#8217;en ma\u00eetriser totalement le volume, il peut modifier de fond en comble cloisonnement et distribution pour transformer en neuf suites les cinquante chambres d&#8217;un h\u00f4tel, comme il l&#8217;a fait aux <em>Grandes Alpes<\/em>, \u00e9tablissement 5* de Courchevel.<\/p><p>Embrassant int\u00e9gralement l&#8217;espace, il poursuit aussi son \u0153uvre \u00e0 tous les niveaux d&#8217;\u00e9chelle, allant jusqu&#8217;au plus infime d\u00e9tail quand il dessine \u00e9l\u00e9ments de mobilier, luminaires ou encore tapis. Tr\u00e8s large de m\u00eame est le spectre des mat\u00e9riaux qu&#8217;il associe, du staff poli tel un miroir au pelage de vachette teint\u00e9.<\/p><p>Jean-Marc Mouchet est naturellement port\u00e9 vers l&#8217;expression la plus contemporaine, et les premiers am\u00e9nagements de demeures qu&#8217;il a con\u00e7us en portaient la griffe. Ses commandes de chalets et d&#8217;h\u00f4tels \u00e0 Meg\u00e8ve ainsi que Courchevel lui ont donn\u00e9 l&#8217;occasion d&#8217;y marier le code montagne. Aujourd&#8217;hui, c&#8217;est une large diversit\u00e9 de styles qu&#8217;il manie, afin de r\u00e9pondre \u00e0 la personnalit\u00e9 des commanditaires tout autant qu&#8217;\u00e0 l&#8217;esprit des villes o\u00f9 on l&#8217;appelle, Paris comme Kiev ou Gen\u00e8ve.<\/p><p>Et en combinant l&#8217;ensemble de ces crit\u00e8res, il conf\u00e8re son ambiance unique \u00e0 chacun des lieux de vie qui lui sont confi\u00e9s. Du \u00e9pur\u00e9 au plus fantasque, de la g\u00e9om\u00e9trie la plus radicale aux formes les plus capricieuses. Pendant qu&#8217;il donne au corps la volupt\u00e9 du confort, il ouvre \u00e0 l&#8217;esprit les portes de l&#8217;\u00e9vasion.<\/p>\t\t\t\t\t\t<\/div>\n\t\t\t\t<\/div>\n\t\t\t\t\t<\/div>\n\t\t<\/div>\n\t\t\t\t<div class=\"elementor-column elementor-col-50 elementor-top-column elementor-element elementor-element-zpxe9go\" data-id=\"zpxe9go\" data-element_type=\"column\">\n\t\t\t<div class=\"elementor-widget-wrap elementor-element-populated\">\n\t\t\t\t\t\t\t\t<div class=\"elementor-element elementor-element-4d07c27 elementor-widget elementor-widget-image\" data-id=\"4d07c27\" data-element_type=\"widget\" data-widget_type=\"image.default\">\n\t\t\t\t<div class=\"elementor-widget-container\">\n\t\t\t\t\t\t\t\t\t\t\t\t\t\t\t<img fetchpriority=\"high\" decoding=\"async\" width=\"600\" height=\"900\" src=\"https:\/\/jeanmarcmouchet.fr\/wp-content\/uploads\/2018\/06\/zaa_4528studio_erick_saillet.jpg\" class=\"attachment-large size-large wp-image-6306\" alt=\"\" srcset=\"https:\/\/jeanmarcmouchet.fr\/wp-content\/uploads\/2018\/06\/zaa_4528studio_erick_saillet.jpg 600w, https:\/\/jeanmarcmouchet.fr\/wp-content\/uploads\/2018\/06\/zaa_4528studio_erick_saillet-200x300.jpg 200w, https:\/\/jeanmarcmouchet.fr\/wp-content\/uploads\/2018\/06\/zaa_4528studio_erick_saillet-560x840.jpg 560w, https:\/\/jeanmarcmouchet.fr\/wp-content\/uploads\/2018\/06\/zaa_4528studio_erick_saillet-400x600.jpg 400w, https:\/\/jeanmarcmouchet.fr\/wp-content\/uploads\/2018\/06\/zaa_4528studio_erick_saillet-450x675.jpg 450w\" sizes=\"(max-width: 600px) 100vw, 600px\" \/>\t\t\t\t\t\t\t\t\t\t\t\t\t\t\t<\/div>\n\t\t\t\t<\/div>\n\t\t\t\t\t<\/div>\n\t\t<\/div>\n\t\t\t\t\t\t\t<\/div>\n\t\t<\/section>\n\t\t\t\t\t\t\t<\/div>\n\t\t","protected":false},"excerpt":{"rendered":"<p>Les Beaux-Arts puis les Arts appliqu\u00e9s : la double formation de Jean-Marc Mouchet donne la clef de son talent double. C&#8217;est par le dessin appris aux Beaux-Arts qu&#8217;il organise l&#8217;espace et les volumes, dans les villas, les appartements, les chalets ou les h\u00f4tels dont on lui confie l&#8217;agencement int\u00e9rieur. Et donner corps \u00e0 ces repr\u00e9sentations &hellip;<\/p>\n","protected":false},"author":1,"featured_media":5210,"parent":0,"menu_order":0,"comment_status":"closed","ping_status":"closed","template":"","meta":{"footnotes":""},"class_list":["post-2487","page","type-page","status-publish","has-post-thumbnail","hentry","has-thumb"],"_links":{"self":[{"href":"https:\/\/jeanmarcmouchet.fr\/index.php\/wp-json\/wp\/v2\/pages\/2487","targetHints":{"allow":["GET"]}}],"collection":[{"href":"https:\/\/jeanmarcmouchet.fr\/index.php\/wp-json\/wp\/v2\/pages"}],"about":[{"href":"https:\/\/jeanmarcmouchet.fr\/index.php\/wp-json\/wp\/v2\/types\/page"}],"author":[{"embeddable":true,"href":"https:\/\/jeanmarcmouchet.fr\/index.php\/wp-json\/wp\/v2\/users\/1"}],"replies":[{"embeddable":true,"href":"https:\/\/jeanmarcmouchet.fr\/index.php\/wp-json\/wp\/v2\/comments?post=2487"}],"version-history":[{"count":10,"href":"https:\/\/jeanmarcmouchet.fr\/index.php\/wp-json\/wp\/v2\/pages\/2487\/revisions"}],"predecessor-version":[{"id":6974,"href":"https:\/\/jeanmarcmouchet.fr\/index.php\/wp-json\/wp\/v2\/pages\/2487\/revisions\/6974"}],"wp:featuredmedia":[{"embeddable":true,"href":"https:\/\/jeanmarcmouchet.fr\/index.php\/wp-json\/wp\/v2\/media\/5210"}],"wp:attachment":[{"href":"https:\/\/jeanmarcmouchet.fr\/index.php\/wp-json\/wp\/v2\/media?parent=2487"}],"curies":[{"name":"wp","href":"https:\/\/api.w.org\/{rel}","templated":true}]}}

<div data-elementor-type="wp-post" data-elementor-id="2487" class="elementor elementor-2487 elementor-bc-flex-widget">
									<section class="elementor-section elementor-top-section elementor-element elementor-element-58bc1b9 elementor-reverse-mobile elementor-section-boxed elementor-section-height-default elementor-section-height-default" data-id="58bc1b9" data-element_type="section" data-settings="{&quot;background_background&quot;:&quot;classic&quot;}">
						<div class="elementor-container elementor-column-gap-default">
					<div class="elementor-column elementor-col-50 elementor-top-column elementor-element elementor-element-5shpd3u" data-id="5shpd3u" data-element_type="column">
			<div class="elementor-widget-wrap elementor-element-populated">
								<div class="elementor-element elementor-element-thvm4qq elementor-widget elementor-widget-text-editor" data-id="thvm4qq" data-element_type="widget" data-widget_type="text-editor.default">
				<div class="elementor-widget-container">
							<p>Les Beaux-Arts puis les Arts appliqués : la double formation de Jean-Marc Mouchet donne la clef de son talent double. C&#8217;est par le dessin appris aux Beaux-Arts qu&#8217;il organise l&#8217;espace et les volumes, dans les villas, les appartements, les chalets ou les hôtels dont on lui confie l&#8217;agencement intérieur. Et donner corps à ces représentations graphiques mobilise toute la maîtrise des matières, des détails d&#8217;exécution, que les Arts appliqués lui ont enseignée.</p><p>Interviennent alors les maisons d&#8217;artisanat d&#8217;art qui se sont faites ses partenaires. À l&#8217;atelier Philippe Hurel de réaliser les meubles qu&#8217;il a dessinés (et d&#8217;en éditer certains dans sa collection 2017). À Alain Ellouz d&#8217;ériger les cloisons d&#8217;albâtre permettant de drainer la lumière dans une pièce aveugle. Et s&#8217;il s&#8217;agit de faire venir la lumière d&#8217;une suspension en acier, Kevin Reilly Lighting envoie ses modèles depuis Chicago. Chaque commande est occasion d&#8217;assembler des talents complémentaires.</p><p>Depuis qu&#8217;il a fondé son agence en 1993, Jean-Marc Mouchet poursuit une démarche d&#8217;architecture intérieure qui dépasse de loin la seule décoration. Travaillant chaque lieu en perspectives numériques 3D, afin d&#8217;en maîtriser totalement le volume, il peut modifier de fond en comble cloisonnement et distribution pour transformer en neuf suites les cinquante chambres d&#8217;un hôtel, comme il l&#8217;a fait aux <em>Grandes Alpes</em>, établissement 5* de Courchevel.</p><p>Embrassant intégralement l&#8217;espace, il poursuit aussi son œuvre à tous les niveaux d&#8217;échelle, allant jusqu&#8217;au plus infime détail quand il dessine éléments de mobilier, luminaires ou encore tapis. Très large de même est le spectre des matériaux qu&#8217;il associe, du staff poli tel un miroir au pelage de vachette teinté.</p><p>Jean-Marc Mouchet est naturellement porté vers l&#8217;expression la plus contemporaine, et les premiers aménagements de demeures qu&#8217;il a conçus en portaient la griffe. Ses commandes de chalets et d&#8217;hôtels à Megève ainsi que Courchevel lui ont donné l&#8217;occasion d&#8217;y marier le code montagne. Aujourd&#8217;hui, c&#8217;est une large diversité de styles qu&#8217;il manie, afin de répondre à la personnalité des commanditaires tout autant qu&#8217;à l&#8217;esprit des villes où on l&#8217;appelle, Paris comme Kiev ou Genève.</p><p>Et en combinant l&#8217;ensemble de ces critères, il confère son ambiance unique à chacun des lieux de vie qui lui sont confiés. Du épuré au plus fantasque, de la géométrie la plus radicale aux formes les plus capricieuses. Pendant qu&#8217;il donne au corps la volupté du confort, il ouvre à l&#8217;esprit les portes de l&#8217;évasion.</p>						</div>
				</div>
					</div>
		</div>
				<div class="elementor-column elementor-col-50 elementor-top-column elementor-element elementor-element-zpxe9go" data-id="zpxe9go" data-element_type="column">
			<div class="elementor-widget-wrap elementor-element-populated">
								<div class="elementor-element elementor-element-4d07c27 elementor-widget elementor-widget-image" data-id="4d07c27" data-element_type="widget" data-widget_type="image.default">
				<div class="elementor-widget-container">
															<img fetchpriority="high" decoding="async" width="600" height="900" src="https://jeanmarcmouchet.fr/wp-content/uploads/2018/06/zaa_4528studio_erick_saillet.jpg" class="attachment-large size-large wp-image-6306" alt="" srcset="https://jeanmarcmouchet.fr/wp-content/uploads/2018/06/zaa_4528studio_erick_saillet.jpg 600w, https://jeanmarcmouchet.fr/wp-content/uploads/2018/06/zaa_4528studio_erick_saillet-200x300.jpg 200w, https://jeanmarcmouchet.fr/wp-content/uploads/2018/06/zaa_4528studio_erick_saillet-560x840.jpg 560w, https://jeanmarcmouchet.fr/wp-content/uploads/2018/06/zaa_4528studio_erick_saillet-400x600.jpg 400w, https://jeanmarcmouchet.fr/wp-content/uploads/2018/06/zaa_4528studio_erick_saillet-450x675.jpg 450w" sizes="(max-width: 600px) 100vw, 600px" />															</div>
				</div>
					</div>
		</div>
							</div>
		</section>
							</div>

<p>Les Beaux-Arts puis les Arts appliqués : la double formation de Jean-Marc Mouchet donne la clef de son talent double. C&#8217;est par le dessin appris aux Beaux-Arts qu&#8217;il organise l&#8217;espace et les volumes, dans les villas, les appartements, les chalets ou les hôtels dont on lui confie l&#8217;agencement intérieur. Et donner corps à ces représentations &hellip;</p>
